01
In base 9, what is -44 - 2?
-46
In base 15, what is 1 + -726?
-725
In base 9, what is 1 + 178?
180
In base 14, what is -359 + 3?
-356
In base 11, what is -5 - -124?
11a
In base 4, what is 11 - -213311?
213322
In base 11, what is -57 - 28?
-84
In base 14, what is 0 + -338?
-338
In base 12, what is -5 + 245?
240
In base 10, what is -211 + 17?
-194
In base 3, what is -2221220 + 2?
-2221211
In base 14, what is 4 - 5a?
-56
In base 10, what is -185 - 7?
-192
In base 12, what is -1 + -2268?
-2269
In base 10, what is -203 - 5?
-208
In base 3, what is 10 - 1002?
-222
In base 4, what is 30 - 20?
10
In base 16, what is 1 + 3?
4
In base 14, what is -2ad - 0?
-2ad
In base 10, what is 24 - -13?
37
In base 16, what is -cc - 0?
-cc
In base 9, what is -41780 - -4?
-41775
In base 15, what is 1592 + -5?
158c
In base 12, what is -1 - -54?
53
In base 7, what is -4 - 1165?
-1202
In base 6, what is -5541 + 10?
-5531
In base 12, what is 2 + -74?
-72
In base 5, what is -1103012 - 2?
-1103014
In base 4, what is 1 - -1010103?
1010110
In base 2, what is -100110 - 11001?
-111111
In base 9, what is 14 + 210?
224
In base 14, what is 12 - 11?
1
In base 9, what is 25 + 210?
235
In base 2, what is -1000 - -111011100?
111010100
In base 12, what is b6 + 5?
bb
In base 5, what is -22132 - 0?
-22132
In base 15, what is -67 + -3?
-6a
In base 11, what is 265 - 3?
262
In base 13, what is -57b - 0?
-57b
In base 16, what is -d + 250?
243
In base 4, what is 2212 + -1?
2211
In base 8, what is 11 + -645?
-634
In base 13, what is 2 + -27?
-25
In base 14, what is -5b1 - 5?
-5b6
In base 10, what is 344 + -1?
343
In base 7, what is -302 + -4?
-306
In base 2, what is -11 - 10110011?
-10110110
In base 11, what is 2 - -a9?
100
In base 5, what is 203432 + -1?
203431
In base 4, what is -1310 - 231?
-2201
In base 12, what is -22 + 8?
-16
In base 15, what is -5 + 24?
1e
In base 9, what is -223 + 3?
-220
In base 3, what is -1012022 + 1?
-1012021
In base 4, what is 2 + -223?
-221
In base 11, what is -22 + -1?
-23
In base 4, what is -33012 - -11?
-33001
In base 2, what is -11 + -1001?
-1100
In base 9, what is -523 + -5?
-528
In base 8, what is 11 + 110?
121
In base 15, what is 9c - -11?
ad
In base 2, what is -1 + -110000111?
-110001000
In base 16, what is 36 - 5?
31
In base 15, what is -c1 - 4?
-c5
In base 5, what is 243 - -2?
300
In base 5, what is -322 - -4?
-313
In base 13, what is -10 + -a?
-1a
In base 2, what is 11000100111 + -10?
11000100101
In base 12, what is -10 + -25?
-35
In base 8, what is 5 + 3052?
3057
In base 9, what is 2 - 443?
-441
In base 6, what is 12 + -30?
-14
In base 6, what is -2 + 1112?
1110
In base 4, what is -21 + -1?
-22
In base 2, what is 1 - 11101?
-11100
In base 2, what is -11 + -111100100?
-111100111
In base 8, what is 2 + -1522?
-1520
In base 9, what is 0 + -13?
-13
In base 6, what is -1 - 2203?
-2204
In base 9, what is 15 - 4?
11
In base 4, what is 220 + 2?
222
In base 6, what is 1 + 545?
550
In base 3, what is 20120 - -2?
20122
In base 12, what is -313 - 4?
-317
In base 2, what is -1 + -110110?
-110111
In base 13, what is 5 - -3?
8
In base 6, what is -1 - -451?
450
In base 7, what is -225 + -402?
-630
In base 5, what is 3 - -3132?
3140
In base 5, what is -2 - 2344?
-2401
In base 3, what is 20111022 - -2?
20111101
In base 8, what is -2262 + -4?
-2266
In base 13, what is 196 - -5?
19b
In base 15, what is 1 + -9a?
-99
In base 2, what is 11111010 + -100?
11110110
In base 4, what is -1 + -201132?
-201133
In base 15, what is 0 - -11?
11
In base 16, what is -cd7 - 4?
-cdb
In base 5, what is -2 + 140?
133
In base 8, what is 52 + 67?
141
In base 14, what is 133 - 13?
120
In base 7, what is 112 + -1?
111
In base 16, what is 31d + -5?
318
In base 12, what is 3 + -13b?
-138
In base 8, what is -24613 + -1?
-24614
In base 4, what is 20322 + 32?
21020
In base 3, what is 221 + 12?
1010
In base 12, what is -179 + 3?
-176
In base 3, what is -100020 + -1111?
-101201
In base 7, what is 15 + -545?
-530
In base 5, what is 0 + 1102?
1102
In base 16, what is 5 + 74?
79
In base 4, what is 3011 + -11?
3000
In base 16, what is -a8 - 4?
-ac
In base 8, what is -32 + -56?
-110
In base 6, what is -334 - 13?
-351
In base 12, what is -3 + 249?
246
In base 12, what is 46 - -b?
55
In base 9, what is -117 + -30?
-147
In base 5, what is 10 + 12044?
12104
In base 16, what is -6 - a13?
-a19
In base 11, what is -2 - -15?
13
In base 13, what is 26 - -2?
28
In base 5, what is 24 - -12?
41
In base 9, what is -26 - -4?
-22
In base 13, what is -3b - -2?
-39
In base 14, what is -172 - 22?
-194
In base 2, what is -100101 + 111101?
11000
In base 15, what is -2 + 1b4?
1b2
In base 4, what is 1 + 133?
200
In base 16, what is -4b1 - -5?
-4ac
In base 14, what is 14c + -5?
147
In base 3, what is -21 + -2212021?
-2212112
In base 13, what is 26 - -41?
67
In base 8, what is -2342 - 3?
-2345
In base 5, what is -2 + -131?
-133
In base 15, what is a9 - -32?
db
In base 6, what is -35 + 313?
234
In base 12, what is -5 + -94?
-99
In base 11, what is -17 + -36?
-52
In base 13, what is 646c - 3?
6469
In base 11, what is 3 - 124?
-121
In base 6, what is -14 + -112?
-130
In base 14, what is 40 + 6?
46
In base 10, what is -806 - -5?
-801
In base 14, what is -161 + -9?
-16a
In base 14, what is -9 + -2d?
-38
In base 10, what is 294 - -5?
299
In base 15, what is -3 - 26b?
-26e
In base 14, what is 7 - -121?
128
In base 7, what is 1104 - 11?
1063
In base 5, what is 1224 + 2?
1231
In base 5, what is 0 - 3220?
-3220
In base 13, what is -11 - -5?
-9
In base 3, what is 2 - -202?
211
In base 8, what is -14 + 5?
-7
In base 9, what is -35 - -83?
47
In base 10, what is -4 - -409?
405
In base 12, what is -8b - -1?
-8a
In base 10, what is 1 + -170?
-169
In base 10, what is -5 - 8?
-13
In base 9, what is 36 + 207?
244
In base 8, what is 5500 + 2?
5502
In base 11, what is 0 + 16?
16
In base 3, what is -20 + 10000?
2210
In base 16, what is -e - -57?
49
In base 16, what is -44 - -4?
-40
In base 3, what is -200122 + 20?
-200102
In base 3, what is 100022 - 12?
100010
In base 5, what is -31 + -32001?
-32032
In base 10, what is -1 - 1471?
-1472
In base 3, what is -112 + 21?
-21
In base 8, what is -124 - 0?
-124
In base 11, what is -17 + -109?
-125
In base 11, what is 3a36 + 3?
3a39
In base 4, what is 1201 + -122?
1013
In base 14, what is -787 + 4?
-783
In base 2, what is -1110011101 + 0?
-1110011101
In base 5, what is 44322 - 1?
44321
In base 5, what is -2 - 1033?
-1040
In base 4, what is 1 - -2303?
2310
In base 12, what is -5 + 1412?
1409
In base 9, what is 415 - -1?
416
In base 14, what is -179 - -1?
-178
In base 11, what is -22a + 2?
-228
In base 15, what is -6e + 4?
-6a
In base 12, what is 5 + -112?
-109
In base 3, what is -2211 + 0?
-2211
In base 6, what is 2255 + 5?
2304
In base 5, what is -23122 + -14?
-23141
In base 16, what is 23d - -2?
23f
In base 7, what is 35 - 15?
20
In base 9, what is 38 - -101?
140
In base 14, what is 1b - c?
d
In base 16, what is 4 - -2b?
2f
In base 2, what is -10011000 + -110?
-10011110
In base 16, what is 1b + 1f?
3a
In base 4, what is 12 + 3001?
3013
In base 16, what is ced - -5?
cf2
In base 13, what is 16 - -19?
32
In base 6, what is -5 + 202?
153
In base 14, what is 10 + 31?
41
In base 8, what is 11 - -23?
34
In base 3, what is -102 + -20122?
-21001
In base 10, what is -22 - -389?
367
In base 15, what is -93 + 31?
-62
In base 13, what is 0 - -caa?
caa
In base 8, what is 5 + -154?
-147
In base 6, what is -12 + -2545?
-3001
In base 5, what is 14 - 1?
13
In base 7, what is -1216 - -23?
-1163
In base 6, what is -340 - -2?
-334
In base 5, what is -1 + -44?
-100
In base 11, what is -117 - 0?
-117
In base 11, what is 5211 - 5?
5207
In base 6, what is 5 - 5?
0
In base 16, what is -75 + -24?
-99
In base 9, what is -12 + 1?
-11
In base 14, what is -10 + 8?
-6
In base 8, what is 2 + -345?
-343
In base 8, what is 2332 + 2?
2334
In base 5, what is 43223 + 3?
43231
In base 11, what is -752 + -2?
-754
In base 12, what is -1455 - 5?
-145a
In base 16, what is 1cb + -21?
1aa
In base 7, what is -5 - 230?
-235
In base 15, what is -5c - 3a?
-97
In base 11, what is 13 - 30?
-18
In base 16, what is -18 - -17?
-1
In base 4, what is -22 + -322?
-1010
In base 8, what is -13 - 13?
-26
In base 9, what is -460 - 2?
-462
In base 7, what is 1 + 